culate the greatest common divisor of p and 832.
13
Let c(j) = -j**2 + 5*j + 3. Let d be c(0). Let h = d - -1. Suppose h*k - 3*k - 36 = 0. Calculate the highest common divisor of 9 and k.
9
Let y be (-18)/63 - 5/7. Let g be 84/2 - (y + 5). Let o = 27 - -68. Calculate the highest common divisor of o and g.
19
Let t be -16 + -2 + 16 + 125/(-2 + 3). Calculate the highest common factor of 533 and t.
41
Suppose -2*d + 31 = -5*c, -27 = -d + 4*c - 10. Suppose 45 = 8*s - d*s. Let q = 23 + s. Calculate the greatest common factor of 154 and q.
14
Let y be 1/2*-2 + 1. Suppose y = -2*w + 125 + 31. Suppose 41 - 28 = z. What is the greatest common divisor of w and z?
13
Let s(n) = -n**3 - 7*n**2 - 13*n - 18. Let x be (22/(-3))/(2 - (-8)/(-6)). Let a be s(x). Let k = a + -394. What is the greatest common factor of 86 and k?
43
Let w be (-61)/(-2) + (-6)/(-4). Suppose 9*y - 8*y - 481 = 0. Let g = 673 - y. What is the greatest common factor of g and w?
32
Let a(r) = -10*r**3 - 10*r**2 + 7*r + 42. Let p be a(-2). Calculate the greatest common divisor of p and 493.
17
Suppose -34*m + 29*m + 3543 = -4*q, 4*m - q - 2830 = 0. What is the highest common divisor of 303 and m?
101
Let s = -2806 + 2891. What is the highest common factor of 1819 and s?
17
Let u = -6014 + 7109. Calculate the greatest common factor of u and 135.
15
Let b = -19131 - -19324. What is the highest common divisor of b and 579?
193
Let c be (-13 + (-9 + 10 - -15))*265. Calculate the greatest common factor of c and 3657.
159
Suppose 0*x = x - 72. Suppose -a = -3*y + 7, 5*a - y - 40 = -33. Let h be a*7 - (-9 + 15 + -1). Calculate the greatest common divisor of x and h.
9
Suppose 4*x = -54 + 158. Let n be (-3 - -53) + -26 + x. Calculate the greatest common divisor of 270 and n.
10
Suppose -3*f - 12 = 0, -t + 3*t - f + 52 = 0. Let v be (t/6)/(-1*(-7)/(-42)). Suppose -27 + v = q. Calculate the greatest common factor of 16 and q.
1
Let h = 9694 - 9667. Let i(c) = 2*c**3 - 4*c**2 - 2*c - 2. Let g be i(4). Calculate the greatest common factor of g and h.
27
Let m = 37 - 13. Suppose 3*h - 12*g = -13*g + 165, 2*h + 5*g - 97 = 0. Calculate the highest common divisor of h and m.
8
Let o be (231/11 + -22)/((-1)/3507). Calculate the greatest common divisor of o and 63.
21
Let p(y) = 81*y**2 - 248*y + 1520. Let x be p(6). What is the highest common divisor of 44 and x?
44
Suppose -130*f = -133*f + 1131. What is the greatest common divisor of f and 208?
13
Let r be (19/((-570)/(-36)))/((-51)/(-19720)). Calculate the highest common divisor of r and 87.
29
Let m = 3406 + -3385. Let s(h) = -3*h. Let d be s(-8). Let r = 108 - d. What is the greatest common divisor of r and m?
21
Let w = 4 + 3. Suppose -4*i = -5 - w. Suppose 3*l + 9 = 0, 3*l - 57 = -i*j + 6*l. What is the highest common factor of 96 and j?
16
Suppose 0*n = n - 70. Suppose 0 = -411*j + 406*j + 180. Suppose -7*h = j - 232. Calculate the greatest common divisor of h and n.
14
Suppose 3*u = -12, 35750 = 3*j + 21*u - 26*u. What is the highest common divisor of 60 and j?
30
Let q(z) be the third derivative of -5*z**4/12 - 10*z**3 - 2*z**2 + 86. Let i be q(-8). Calculate the highest common divisor of 32 and i.
4
Let q(n) = 31*n - 149. Let t be q(-6). Let l = t - -887. What is the highest common divisor of l and 12?
12
Suppose 2*i = 7*i + 530. Let b be 1/(((-10)/5)/i). What is the greatest common factor of b and 1537?
53
Let n(z) = z**3 + 2*z**2 - 5*z + 82. Let q be n(0). What is the greatest common factor of 1599 and q?
41
Let o be -5*3/6*(-70866)/1905. Calculate the greatest common factor of o and 36921.
93
Let g = -10315 + 10346. Let u(a) = 16*a - 18. Let z be u(5). What is the highest common divisor of z and g?
31
Suppose 218*s - 1617 = -3*p + 213*s, 2*p - 3*s = 1078. Calculate the highest common factor of 196 and p.
49
Suppose 5*l = 2*g - 247, g - 383 = -2*g - 5*l. Let i = g - 58. Calculate the highest common divisor of i and 170.
34
Let g(a) = -a**2 + 6*a - 1. Let s be g(5). Suppose -y - 56*b + 322 = -53*b, -4*y - 6*b + 1300 = 0. Calculate the highest common divisor of y and s.
4
Let d = -35 - -43. Let u be -8 + d/((-8)/(-535)). What is the highest common factor of u and 62?
31
Let l(q) = q**2 - 6*q + 7. Let z be l(15). Let w(x) = -127*x + 510. Let d be w(4). What is the greatest common divisor of z and d?
2
Let u = 3776 + -2977. Calculate the highest common factor of u and 153.
17
Let j(g) be the third derivative of -g**6/120 + 7*g**5/30 - 23*g**4/24 + 7*g**3/6 + g**2 + 2*g. Let z be j(9). Calculate the highest common factor of z and 41.
41
Let o = 248 + 616. What is the highest common divisor of 10584 and o?
216
Let k = 3052 - 2782. Calculate the highest common divisor of 3105 and k.
135
Suppose -5*a + 0*s + 5*s = -25, s + 20 = 4*a. Suppose -a*c + 6*c - 14 = 0. What is the highest common divisor of c and 266?
14
Suppose 5*k - 20 = 3*p, -p + 0 = k - 4. Suppose -6*v = -p*v - 552. Suppose 0 = -b + 5*b - v. Calculate the greatest common divisor of b and 23.
23
Suppose -2*l = -l - 2*h, 0 = 4*h - 4. Suppose -4*i - 988 = -l*c, 4*i - 447 - 509 = -2*c. Calculate the greatest common factor of c and 6.
6
Let r be (9 - 11)/((-10)/425) - 1. Let l = -25 + 44. Let y = 33 - l. What is the highest common divisor of y and r?
14
Suppose 20*b - 87240 - 59640 = -184*b. What is the greatest common factor of b and 680?
40
Let c be 185/222 + 386/12. Calculate the greatest common factor of 847 and c.
11
Suppose -5*h + n = -20, 3*h + 1162*n + 11 = 1158*n. Let i(f) = 19 + 13 - f - 8*f. Let c be i(h). What is the highest common divisor of c and 45?
5
Suppose -26*b + 229 + 2111 = 0. Let m be 2095/35 - (-2)/14. What is the greatest common factor of b and m?
30
Let f(v) be the third derivative of 3*v**4/2 - 13*v**3/3 + 2*v**2. Let c be f(4). Let l be (-1 - (-1 - 1)) + c. What is the greatest common divisor of l and 17?
17
Let u = 4609 - 1155. What is the greatest common factor of 44 and u?
22
Let l be (1*23)/((-420)/24 + 18). What is the greatest common factor of 9154 and l?
46
Let k be ((-1)/(-3) + 0)*687. Let d = k + -47. Let b(i) = 125*i + 26. Let j be b(0). Calculate the highest common factor of d and j.
26
Suppose 3*m = 5*h + 20, 0 = -m - 4*h - 10 - 6. Suppose -3*j - 33 + m = 0. Let l = j - -12. Calculate the greatest common factor of l and 2.
1
Let f = -773 - -1043. Calculate the greatest common divisor of f and 486.
54
Suppose -3*y + 0*y + 14 = 5*i, 10 = 4*y - 2*i. Suppose -2*w + 3*u = 50, y*w + 31 = 4*u - 44. Let l = 37 + w. What is the greatest common divisor of l and 36?
12
Let t = 46 + 19. Suppose 28 + t = z. Let o = z + -74. Calculate the greatest common divisor of o and 19.
19
Suppose 813 = -j + 3*g + 4595, -2*g - 6 = 0. What is the greatest common divisor of 11 and j?
11
Let b = -12823 - -12928. What is the greatest common divisor of b and 483?
21
Suppose 0*d - 72 = -4*d. Suppose 5*s = 20, -b = b + s - d. Let z = -211697 + 211711. Calculate the highest common divisor of b and z.
7
Let q(t) = 3*t + 3. Let p be q(6). Let a = 320 + p. Let x = 891 - 860. Calculate the highest common divisor of a and x.
31
Suppose -102*i + 34656 = -26*i. What is the greatest common factor of i and 54?
6
Let h(t) = -t**2 - 18*t - 16. Suppose -a = 4 + 12. Let q be h(a). Suppose 5*y - 2*v - 385 = v, 3*v - 175 = -2*y. What is the highest common factor of q and y?
16
Let n be ((-30)/(-20))/((-19)/(-2888)). What is the highest common factor of n and 42?
6
Let j = -839 - -925. Calculate the greatest common divisor of 5504 and j.
86
Suppose -11*j = -3*n - 255, -4*n = 409*j - 414*j + 137. Let q = 20 - 14. Calculate the greatest common divisor of q and j.
3
Let h(d) = -d**3 - 11*d**2 - 102*d - 378. Let g be h(-7). What is the greatest common factor of g and 3556?
28
Suppose 0 = -f + 3*x + 389, 5*f - 313*x + 316*x - 1963 = 0. Calculate the highest common divisor of f and 32.
8
Suppose 0 = 113*m - 122*m - 72. Let v(r) = 2*r**2 + 22*r + 49. Let a be v(m). Calculate the greatest common divisor of a and 33.
1
Suppose -3 = -b + u, 2*b - 5*u + 9*u - 12 = 0. Suppose b*f + 2*a = 10 + 64, -5*f - a = -100. What is the greatest common factor of 56 and f?
7
Let t be 39 - (4*(-2)/7)/(2/(-7)). Calculate the highest common factor of 695 and t.
5
Let o(h) = -2*h**2 + 125*h + 397. Let m be o(65). What is the g